{"id":3,"date":"2020-11-30T20:47:18","date_gmt":"2020-11-30T20:47:18","guid":{"rendered":"http:\/\/192.168.1.77\/wordpress\/?page_id=3"},"modified":"2021-03-10T22:43:24","modified_gmt":"2021-03-10T21:43:24","slug":"privacy-policy","status":"publish","type":"page","link":"https:\/\/ianestesi.se\/?page_id=3","title":{"rendered":"Om den h\u00e4r webbplatsen"},"content":{"rendered":"\n<h3 class=\"wp-block-heading\">Vilka \u00e4r vi?<\/h3>\n\n\n\n<p>V\u00e5r web-adress \u00e4r https:\/\/ianestesi.se och denna websajt drivs av Henrik Zetterstr\u00f6m och KJell Nilsson och publiceras av Ventinvent AB. Ambitionen med sajten \u00e4r att publicera information och hj\u00e4lpmedel f\u00f6r personal inom anestesi och intensivv\u00e5rd.<\/p>\n\n\n\n<p><\/p>\n\n\n\n<h3 class=\"wp-block-heading\">Vilka uppgifter samlar vi in?<\/h3>\n\n\n\n<div style=\"height:12px\" aria-hidden=\"true\" class=\"wp-block-spacer\"><\/div>\n\n\n\n<h4 class=\"wp-block-heading\">Best\u00e4llningsformul\u00e4r<\/h4>\n\n\n\n<p>F\u00f6r best\u00e4llning och utskick av information och appar fr\u00e5n iAnestesi beh\u00f6ver vi spara namn, epostadress och bostadsort. Vi anv\u00e4nder denna information f\u00f6r att vid behov kunna kontakta dig som anv\u00e4ndare vid behov av ny eller uppdaterad info om v\u00e5ra produkter. Vi l\u00e4mnar inte ut information till andra organisationer eller privatpersoner\/f\u00f6retag.<\/p>\n\n\n\n<h4 class=\"wp-block-heading\">Cookies<\/h4>\n\n\n\n<p>Vi anv\u00e4nder cookies som beh\u00f6vs f\u00f6r sajtens funktion. Dessa \u00e4r till f\u00f6r att ditt bes\u00f6k hos oss skall fungera s\u00e5 bra som m\u00f6jligt och sparar ingen personlig information.<\/p>\n\n\n\n<h4 class=\"wp-block-heading\">Du \u00e4ger dina uppgifter<\/h4>\n\n\n\n<p>Om du vill att vi raderar dina sparade uppgifter meddelar du oss via <a href=\"https:\/\/modellflygklubbar.se\/ianestesi\/?page_id=1754\">kontaktformul\u00e4ret<\/a>.<\/p>\n\n\n\n<p><\/p>\n","protected":false},"excerpt":{"rendered":"<p>Vilka \u00e4r vi? V\u00e5r web-adress \u00e4r https:\/\/ianestesi.se och denna websajt drivs av Henrik Zetterstr\u00f6m och KJell Nilsson och publiceras av Ventinvent AB. Ambitionen med sajten \u00e4r att publicera information och &#8230;<\/p>\n","protected":false},"author":1,"featured_media":0,"parent":0,"menu_order":0,"comment_status":"closed","ping_status":"open","template":"template-fullwidth.php","meta":{"footnotes":""},"class_list":["post-3","page","type-page","status-publish","hentry"],"acf":[],"_links":{"self":[{"href":"https:\/\/ianestesi.se\/index.php?rest_route=\/wp\/v2\/pages\/3","targetHints":{"allow":["GET"]}}],"collection":[{"href":"https:\/\/ianestesi.se\/index.php?rest_route=\/wp\/v2\/pages"}],"about":[{"href":"https:\/\/ianestesi.se\/index.php?rest_route=\/wp\/v2\/types\/page"}],"author":[{"embeddable":true,"href":"https:\/\/ianestesi.se\/index.php?rest_route=\/wp\/v2\/users\/1"}],"replies":[{"embeddable":true,"href":"https:\/\/ianestesi.se\/index.php?rest_route=%2Fwp%2Fv2%2Fcomments&post=3"}],"version-history":[{"count":32,"href":"https:\/\/ianestesi.se\/index.php?rest_route=\/wp\/v2\/pages\/3\/revisions"}],"predecessor-version":[{"id":1795,"href":"https:\/\/ianestesi.se\/index.php?rest_route=\/wp\/v2\/pages\/3\/revisions\/1795"}],"wp:attachment":[{"href":"https:\/\/ianestesi.se\/index.php?rest_route=%2Fwp%2Fv2%2Fmedia&parent=3"}],"curies":[{"name":"wp","href":"https:\/\/api.w.org\/{rel}","templated":true}]}}